= -986 - -989. Let f(x) = -x**3 + 5*x**2 - 3*x + 2. Determine f(j).
11
Suppose -4*v = 5*c - 41, 14*v + 2*c = 12*v + 18. Let s(w) = w**3 - 2*w**2 - 11*w + 7. Determine s(v).
-5
Let x(f) = -2*f**3 - 5*f**2 - 4*f - 3. Let u(p) = p**2 + 31*p - 269. Let t be u(7). Determine x(t).
18
Let j(s) be the second derivative of s**4/6 + 7*s**3/6 + 7*s**2/2 + 2*s + 14. Let i = 0 + 1. Let m(z) = -z**2 - z - 1. Let w(a) = i*j(a) + 5*m(a). What is w(2)?
-6
Suppose -6*i + 60 = -84. Suppose 0 = u - 2*m + 8 + 1, i = -4*u + 5*m. Let g(n) = 8*n**2 - 1. Determine g(u).
7
Let l(j) = j**3 - 5*j**2 + j - 2. Let k be l(5). Let v(m) = 2*m - 2 + 0*m**2 - 3*m + 2*m + k*m**2. Give v(2).
12
Let f = 6 + -10. Let d(c) = c - 1. Let t(m) = 2. Suppose 2 = -5*i + 17. Let r(n) = i*d(n) + 2*t(n). Give r(f).
-11
Let c = 42 - 40. Suppose 29 = 5*s - c*o, 2*s + 4*o = -o. Let q(k) be the first derivative of k**3/3 - 3*k**2/2 - 7*k + 1. What is q(s)?
3
Let t be (4 + 4 - 3)*1. Suppose t*v + 6 = 3*b, 0*b + 2 = b - 2*v. Let j(p) = p**2 + b*p - 4*p**2 + 3 + p**3 - 9 - p**2. Determine j(4).
2
Suppose 0 = -k + o - 7, 5*k - o + 6*o - 5 = 0. Let m = 3 - k. Let f(u) = -9*u - 7. Let c(q) = 5*q + 3. Let w(p) = 11*c(p) + 6*f(p). Calculate w(m).
-3
Let c(o) be the second derivative of -o**5/20 - o**4/4 - o**3/2 - 2*o. Let h(p) = -7*p - 80. Let z be h(-11). What is c(z)?
9
Let a(d) = d**3 + d**2 + d. Let k(b) = 2*b**3 - 6*b**2 - 8*b - 20. Let o(t) = -3*a(t) + k(t). Let m be o(-8). Let l(i) = -i**3 + 3*i**2 + 6*i - 5. What is l(m)?
3
Let n(p) = 7*p + 12. Let y(i) = 4*i + 6. Let z(x) = -3*n(x) + 5*y(x). What is z(0)?
-6
Suppose -2*x - 1 - 11 = -2*u, -3*u + 11 = 4*x. Let b(r) = -r**3 + r + 1. Let j(y) = 5*y**3 - 5*y**2 - 8*y - 4. Let v(q) = -4*b(q) - j(q). Give v(u).
20
Suppose -27*f - 1 = 26. Let q(b) = -3*b + 1. Calculate q(f).
4
Let j(m) = -62 + 56 - 8*m**2 + 0*m**3 - m**3 - 3*m + 2*m**2 - m. Give j(-4).
-22
Let r(y) = -2*y + 6. Suppose -l - 2*q = -4*q + 1, 0 = -l - 2*q + 3. Let x = 6 - 4. Let t be 2/(x/5)*l. Give r(t).
-4
Let c(p) be the third derivative of p**4/24 + p**2. Let q(i) = 2*i + 1. Let k(w) = -5*c(w) + q(w). Calculate k(2).
-5
Let a = -31 - -32. Suppose -h = 6 - a. Let f(w) = -w - 7. Calculate f(h).
-2
Let b(c) = c**2 + c + 2. Suppose -8 = 5*z - 4*w, 1 + 5 = -z + 3*w. Determine b(z).
2
Let n = 6 - 9. Let a = n - -1. Let t = a + 3. Let i(w) = -6*w - 1. Determine i(t).
-7
Let b(k) = -k**3 + k**2 + k + 3. Suppose t + 4*j = -12, -t + 4*j = j - 9. Let y be -1*1*t/(-3 - 3). Give b(y).
3
Let c(k) = -k**3 - k**2 - 2*k + 4. Let t be c(0). Suppose 0 = t*w + 4 + 8. Let n(s) = s**3 + 3*s**2 - 3*s - 1. Calculate n(w).
8
Let m be (-46)/(-10) - 10/(-25). Let z(b) be the third derivative of -b**5/60 + 5*b**4/24 - b**3/6 + 30*b**2. Calculate z(m).
-1
Let b = -48 - -45. Let w(x) be the second derivative of 1/3*x**3 + 1/2*x**2 - 2*x + 0. Calculate w(b).
-5
Let i(d) = d**3 - 4*d**2 - 4*d + 2. Let j(m) = m**2 - 2*m - 12. Let x be 3 + 1*6/3. Let g be j(x). Suppose -5*u + 10 = 3*h, g*h + 3*u = 4*u + 16. Give i(h).
7
Suppose -2*i - 5*g = -3*i - 7, -2*i - 9 = -5*g. Let w(s) = -s + 6. Let a(t) = -5*t + 26. Let n(b) = i*a(b) + 9*w(b). Calculate n(-3).
-1
Let r be (16/(-5))/((-6)/(-15)). Let c(i) = -i**2 - 11*i - 6. Determine c(r).
18
Let v(m) = 5*m**3 + 2*m**2 - 72*m + 147*m - 9 - 83*m + 3*m**2 - 4*m**3. What is v(-6)?
3
Let x(g) = -4*g + 21. Let l be ((-10)/4)/(-5 - (-385)/84). Calculate x(l).
-3
Let k(v) = -v**3 - 26*v**2 + 28*v + 31. Let f be k(-27). Let a(z) = z**3 - 2*z**2 - 5*z + 5. Calculate a(f).
17
Let a(x) be the third derivative of x**5/60 + 7*x**4/24 + 5*x**3/6 - 200*x**2. Give a(-6).
-1
Let h = 1030 - 1025. Let o(k) be the third derivative of -1/6*k**h - 4*k**2 + 1/24*k**4 + 0 + 0*k - 1/6*k**3. Calculate o(1).
-10
Let h(u) = -u**2 + 11*u - 3. Suppose 0 = -2*s - 3*q + 13, -3*s = -4*s + 5*q. Suppose -n - 23 = -2*f - 2*n, -55 = -s*f - 2*n. Give h(f).
15
Let q(p) = -2 + 6*p - 2*p - 4*p + 1 + 7*p. Determine q(-1).
-8
Let o(f) = -5 - 33*f - 5 + 4 + 1 + 34*f. What is o(1)?
-4
Let o(p) be the first derivative of p**3/3 - p**2/2 - 12*p + 117. Give o(5).
8
Let h(c) = -58*c - 875. Let w be h(-15). Let k = 2 + -2. Let r(l) = k + 3 + l + 0. Give r(w).
-2
Suppose 11*w - w - 710 = 0. Let f = -74 + w. Let g(q) be the third derivative of q**6/120 + q**5/20 + q**4/24 - q**3/3 + 2*q**2. Determine g(f).
-5
Suppose 0 = 30*q - 35*q - 200. Let u be (-3)/5 + 16/q. Let o(i) = 8*i - 1. Calculate o(u).
-9
Let n(s) = s**2 - s. Let d(i) = -3*i**2 - 3*i - 2. Let r(w) = -d(w) - 2*n(w). Suppose -16 = 3*q - 7. Determine r(q).
-4
Let m(o) be the third derivative of -o**4/8 - o**3/2 + 3*o**2. Let h(i) = i**3 + 3*i**2 - 5*i - 2. Let u be h(-4). Let n be 112/(-35) + u/10. Determine m(n).
6
Let x(b) = -3*b**2 - 2*b**2 + 0*b**2 - 2*b**2 + b. Let p(r) = r**2 + 9*r - 11. Suppose -4*m - 33 = 7. Let n be p(m). Give x(n).
-8
Let o(t) = -t**3 + 8*t**2 - 2. Suppose -15 = -3*f + k + 9, 3*k - 40 = -5*f. What is o(f)?
-2
Let x(n) be the first derivative of n**3/3 - 7*n**2/2 + 5*n + 2. Suppose 17 = -5*z - s, -3*s = -z - s + 1. Let f be 1 - (-5 - 6/z). Calculate x(f).
-7
Let l(y) = 3*y + 2. Let x(q) = q**3 + 3*q - 1. Let a be 0 + -1 + 6 + -2. Let g be x(a). Let u = -39 + g. Determine l(u).
-10
Let n(l) = -3*l - 2*l - 267 + 255. Determine n(-8).
28
Let o(p) = 3*p - 255*p**3 - 255*p**3 - 2*p - 8 - 252*p**3 - 6*p**2 + 761*p**3. Give o(-6).
-14
Let x be (66/154)/((-9)/(-21)). Let d(r) = -14*r + 8. Determine d(x).
-6
Let d(p) = 25*p + 125. Let j be d(-5). Let u(i) = -6*i**2 + 13 + 2*i + i**2 - i - i**3 + 4*i**2. What is u(j)?
13
Let s(b) = -3*b - 2. Let h(z) = 3*z + 2. Let o(y) = 3*h(y) + 4*s(y). Give o(-3).
7
Let d(p) = 26 - 25 + 4*p + p - 4*p. Give d(7).
8
Let s(l) be the second derivative of -11*l**3/6 - 5*l**2 + 443*l. Give s(-1).
1
Let l(k) = k. Suppose 2*o + 3*s = -s + 32, 43 = 3*o + 5*s. Calculate l(o).
6
Let y(h) = -5*h**3 + 7*h**2 - 3*h - 5. Let o(a) = 0*a**2 + 17*a**3 - 3*a - 24*a**3 + 8*a**2 - 6. Let s(p) = 2*o(p) - 3*y(p). Give s(3).
-6
Let g(v) = -4*v - 7. Let j = 258 + -262. Calculate g(j).
9
Let x = -12 + 18. Let h(p) = -2*p**2 + 0*p + p + 4*p**2 - 1 + x*p**2. Let k = 504 + -503. Give h(k).
8
Let r(q) = -q**2 + 3*q - 7. Let x(b) = -b**2 + 2*b - 6. Let v(c) = 6*r(c) - 7*x(c). Let s be 6/66 + (-112)/22. Calculate v(s).
5
Let y(d) = -118*d - 116*d - 4 + 238*d - 2*d**2 + 7. Suppose -k - k - 4 = 0. Give y(k).
-13
Let h(l) = -l**2 - l - 4. Let b = -73 - -46. Let t = 27 + b. What is h(t)?
-4
Let g(s) = -10 + 3 - 3 + 3 - s**2. Determine g(0).
-7
Let q = -14 + 21. Let r(f) = 15 + q*f**3 + 11 - 27 - f + f**2. Give r(-1).
-6
Let d(r) = -r**3 - 13*r**2 - 17*r + 52. Let g be d(-11). Let f(n) = -n**2 - 2*n - 4. What is f(g)?
-7
Let b(u) = 8*u**2 - u - 1. Let a(k) = 47*k**2 - 13*k - 23. Let t(p) = a(p) - 6*b(p). What is t(-4)?
-5
Let m = -40 + 45. Suppose 3 = p + m. Let g(q) = 3*q + 3. Calculate g(p).
-3
Let a(r) be the third derivative of 0*r + 1/15*r**5 - 1/8*r**4 + 0 + 1/2*r**3 - 1/120*r**6 + 3*r**2. Calculate a(4).
-9
Let n(x) be the first derivative of x**4/24 + x**3 + 27*x**2/2 + 19. Let b(s) be the second derivative of n(s). What is b(6)?
12
Let i(r) be the third derivative of -r**5/60 + 5*r**4/12 - r**3/3 - 487*r**2. What is i(7)?
19
Let h(l) = -11 + 9*l**3 - 7 + 20 - l - 1. What is h(1)?
9
Let r(q) = -q**3 - 6*q**2 + 9*q - 2. Let m be r(-7). Let l = m - -19. Let y(c) = 4 - 30*c**l - 6*c**2 + 3 + 29*c**3. What is y(-6)?
7
Let r(z) be the second derivative of -z**3/6 + 3*z**2/2 + 123*z - 2. Give r(3).
0
Suppose -2*d - 7 = -v, 3*d - 5*v + 9*v = -38. Let h(n) = -n**3 - 4*n**2 + 13*n + 9. Calculate h(d).
3
Let j(g) = -5*g**3 + 2*g**2 - 4*g + 3. Let z(l) = -6*l**3 + l**2 - 5*l + 3. Let m(p) = 5*j(p) - 4*z(p). Suppose -5*r + 24 = -r. Determine m(r).
3
Let p(a) = -11*a + 2. Let x(c) = -c**3 - 17*c**2 - 27*c - 3. Let k be x(-15). Let n = -46 - k. Determine p(n).
-20
Let l(h) = -h**3 - h**2 + 5*h + 3. Let q = -25 - -34. Let x be ((-6)/q)/((-1)/51). Suppose 8*y + x = 10. Calculate l(y).
6
Suppose 0 = -2*j - 4*w - 32, 3*j + 32 = j + 4*w. Let f = j - -12. Let b(v) = v**2 - v - 5. What is b(f)?
15
Let d(z) = 5 - 4*z + 6*z - 3*z - 2*z. Let k(t) = -t**2 + 9*t. Let r be k(9). Suppose r*l - 15 = -3*l. Calculate d(l).
-10
Let j(f) = 4*f**2 - f + 2. Let k = 24 + -23